-4 - -3)*5. Let l = -15 + y. What are the prime factors of l?
5
List the prime factors of 93/2*16/12.
2, 31
Let a be (-18)/(-2) + (-1 - 2). Suppose -a*p + p = -45. What are the prime factors of p?
3
Suppose -5*l - 4*j - 19 = 0, -2*l + 3*j = 2 + 1. Let y(a) = 2*a**2 + 4. Let n be y(l). Suppose 2*x = 4*x - n. List the prime factors of x.
11
Let x be 18 - 9*-3*(-4)/(-36). Let u = 1 - 1. Suppose u = 4*d - 15 - x. List the prime factors of d.
3
Suppose 0 = -2*b - 2*b + 488. What are the prime factors of b?
2, 61
Suppose 2*r + 72 = 4*r. Let p = r - 9. List the prime factors of p.
3
Let i = -4 - -6. Suppose 8*v - 4*v - 78 = -3*l, -5*v + 101 = i*l. What are the prime factors of v?
3, 7
Let s(c) = c**2 - 2*c - 4. Let q be s(4). Suppose q*w + w = 15. What are the prime factors of w?
3
Suppose 0*s = s - 4. Let p(o) = o**3 - 4*o**2 + 2*o - 1. Let k be p(s). Let u(a) = 2*a - 10. What are the prime factors of u(k)?
2
Let c(a) be the second derivative of 1/2*a**2 - 4/3*a**3 + a + 0. List the prime factors of c(-1).
3
Let s = -20 - -29. Let o = -7 + s. Suppose o*g - 3*k = 14, 0*g - 3*k = 5*g - 56. List the prime factors of g.
2, 5
Let z = 29 - 10. What are the prime factors of z?
19
Let r(p) = p + 8. Let g be r(-6). Suppose 0 = -4*y - 4*u + 172, g*y - u - 29 = 48. What are the prime factors of y?
2, 5
Let z(d) = -d**3 - 4*d**2 + 6*d + 5. Let i be 78/(-18) - (-2)/(-3). Let j be z(i). Let s = 7 + j. What are the prime factors of s?
7
Let j = 9 - 3. Suppose 5*c = j*c - 23. What are the prime factors of c?
23
Let b(x) be the first derivative of 11*x**2/2 - 2*x + 2. List the prime factors of b(2).
2, 5
Let t(q) = -q**3 - 7*q**2 + 12*q - 7. List the prime factors of t(-9).
47
Let s(b) = -15*b**3 + 2*b - 1. Let j be s(1). Let i = j - -30. What are the prime factors of i?
2
Let i = -56 - -80. Let x = -15 + i. What are the prime factors of x?
3
Let x(g) = 32*g - 1. Let q(v) = v + 13. Let u be q(-12). What are the prime factors of x(u)?
31
Suppose 10*f = 6*f + 48. Suppose 9*x + 105 = f*x. What are the prime factors of x?
5, 7
Let p(y) = y + 0*y + 3*y**2 - y + 3*y. List the prime factors of p(-2).
2, 3
Let h(o) = 2*o**2 - 3*o + 3. Let m be h(3). Suppose 2*t - 8 - m = 0. What are the prime factors of t?
2, 5
Let t(a) = a**2 - 9*a + 4. List the prime factors of t(10).
2, 7
Let m = -10 - -30. List the prime factors of m.
2, 5
Let s = -170 + 113. Let n(c) = -36*c**2 + 1. Let p be n(1). Let o = p - s. What are the prime factors of o?
2, 11
Suppose 112 = 6*j - 266. List the prime factors of j.
3, 7
Let i(o) = o - 5. Let u be i(7). Suppose -u*t + 7 = -21. Suppose t = 3*s - 4. List the prime factors of s.
2, 3
Suppose 0 = -5*b + 4*k + 2168, 0*k - 5*k = 2*b - 854. Let d = 262 - b. What are the prime factors of (-1)/(-5) - d/25?
7
Suppose m + 222 = 4*m. List the prime factors of m.
2, 37
Suppose 3*y + 2*d = 166, -d = -5*y - 4 + 259. List the prime factors of y.
2, 13
List the prime factors of 6/9*87 - -4.
2, 31
List the prime factors of ((-12)/(-8))/((-6)/(-832)).
2, 13
Let n(v) = -4*v + 5. List the prime factors of n(-7).
3, 11
Let w(a) = 4*a**3 + a**2 - a. Let o be w(2). Let y = -19 + o. Suppose 5*n + 5 = 2*l - y, -3*n + 50 = 5*l. What are the prime factors of l?
2, 5
What are the prime factors of 76 - ((-2 - -4)/(-2))/(-1)?
3, 5
Suppose -4*m - m = -j + 43, 5*j + 2*m = 107. What are the prime factors of j?
23
Suppose -2*i - 663 = -5*s - 0*i, 2*i = -2*s + 268. List the prime factors of s.
7, 19
Let c = 0 - -5. Suppose 0 = y - n - c, -y + 5 = 2*n + 12. What are the prime factors of (2/y)/(4/6)?
3
Let c = 5 - 8. List the prime factors of (-15)/5*26/c.
2, 13
List the prime factors of 288/27 - (-4)/(-6).
2, 5
Let a = -7 - -12. Suppose 3*t = -m + 2*t + 13, 5*t = a*m - 115. What are the prime factors of m?
2, 3
Suppose -3*r + 66 + 63 = 0. What are the prime factors of r?
43
Let x = -77 + 225. List the prime factors of x.
2, 37
Let j(h) be the first derivative of h**5/60 + h**4/12 + 2*h**3/3 - h**2/2 + 2. Let b(y) be the second derivative of j(y). List the prime factors of b(-4).
2, 3
Let r(x) = x**2 + 3*x - 1. Let q be (-3 - 21/(-9))*-3. List the prime factors of r(q).
3
Let g be (-26)/(-4 + 0 + 2). Let h = g + -21. Let q = h - -11. What are the prime factors of q?
3
Suppose 3*z = 4*l - 8, 4*l + 16 = -0*l - 3*z. Let j = 3 + l. Suppose 0 = -5*w - 20, -w + 30 = j*b - 5*w. List the prime factors of b.
7
Suppose -2*j = 2*j - 20. Suppose i - 3 = -5*p + 17, -p - j*i = -4. List the prime factors of p.
2
Let o(f) = -5*f + 2. Let z be 11/(-4) - (-15)/20. List the prime factors of o(z).
2, 3
Suppose 0 = 3*a - 0*a - 438. List the prime factors of a/10 - (-4)/10.
3, 5
Suppose 0*n - 8 = -2*n - 2*l, -2*n = l - 6. Suppose n*a + 176 = 4*s, 7*s + 4*a = 2*s + 220. List the prime factors of s.
2, 11
Suppose -x + 10 = x, -1 = -3*w - 2*x. Let t(k) be the first derivative of -k**2/2 + 1. What are the prime factors of t(w)?
3
Let v = -41 - -204. List the prime factors of v.
163
Suppose 84 = -y - y + 4*i, -y = 5*i + 21. What are the prime factors of (-116)/y + (-6)/27?
3
What are the prime factors of (-3 - -4)/((-1)/(-29))?
29
Let x(z) = -z**3 + 5*z**2 + z - 3. Let f be (-6)/(-9)*9 - 1. Let v be x(f). What are the prime factors of (-9)/((-6)/v) - -6?
3
Suppose -2*q + 212 = 3*j, q - 1 + 3 = 0. List the prime factors of j.
2, 3
Suppose -3*b - 2*b = -70. List the prime factors of b.
2, 7
Let s(d) = 3*d + d + 3 + d - 7*d. List the prime factors of s(-5).
13
Suppose 5*h - 217 + 57 = 0. List the prime factors of h.
2
Let j(f) = 4*f**2 - 9*f - 8. Let d(x) = x**3 + x**2 + x + 1. Let v(t) = d(t) + j(t). What are the prime factors of v(-5)?
3, 11
Let a be (-5)/(0 + 2/4). Let x be 1/4 + (-22)/(-8). What are the prime factors of (8/x)/(a/(-45))?
2, 3
Suppose 14*u = 9*u + 825. List the prime factors of u.
3, 5, 11
Suppose -15 = -2*q - 5. Let s be (-18)/q*(-30)/9. List the prime factors of (2 - 4/3)*s.
2
Let d(j) = -3*j - 3. What are the prime factors of d(-6)?
3, 5
Suppose -2*k = -5*k + 168. List the prime factors of k.
2, 7
Let t(b) = 18*b - 2. Let u be t(2). Suppose 0 = -4*o + 2*o + u. What are the prime factors of o?
17
Suppose 0 = -2*m - 5 - 5. List the prime factors of (-104)/m + (-1)/(-5).
3, 7
List the prime factors of (45/6)/((-3)/(-16)).
2, 5
Let u(c) = 27*c + 15. What are the prime factors of u(3)?
2, 3
Suppose 7*z - 128 = 5*z. List the prime factors of z.
2
Let z(r) be the third derivative of -r**6/120 - r**5/20 + r**2. Let j be z(-3). Suppose -4*y = -4*a - 36, -5*y - 5*a + 22 + 3 = j. List the prime factors of y.
7
Let m be 1 - (1 - (0 - 1)). Let v be m*(-3)/(-3) - -3. Suppose -3*g + 43 = g + 5*s, -v*g = -4*s - 28. What are the prime factors of g?
2, 3
Let f(b) = 1. Let v(d) = -5*d + 7. Let y(t) = -5*f(t) + v(t). What are the prime factors of y(-4)?
2, 11
Suppose 0 = -12*d + 191 + 1573. What are the prime factors of d?
3, 7
Suppose 7*y - 524 = 281. List the prime factors of y.
5, 23
Let s = 0 - -2. Suppose -4*a + 8 = 4*j, a - s*j + 0 = 2. Suppose 38 = a*b + 2*p, -2*p - 2*p - 12 = 0. List the prime factors of b.
2, 11
Let s be 10/15*(-138)/(-4). Let f = s - 9. List the prime factors of f.
2, 7
Let j(b) = -b**2 - 11*b + 2. Let l be j(-6). Suppose -5*w + l = -3*o, -w + 5*o + 5 = 3. List the prime factors of w.
7
Suppose -2430 = 4*f - 3*a + a, -2*a + 3039 = -5*f. List the prime factors of f/(-35) + 2/(-5).
17
Let g(n) = n**3 - 5*n**2 + 6*n - 6. Let o = -147 - -87. Let h be ((-2)/6)/(5/o). What are the prime factors of g(h)?
2
Let b = -2 + 6. Let z(f) = -f**2 + 5*f + 3. List the prime factors of z(b).
7
Suppose 216 = 5*q - 54. List the prime factors of q.
2, 3
Let a(m) = m**3 - 1. Let n(b) = -b**3 - 5*b**2 + b. Let h(y) = 2*a(y) + n(y). Let d be h(5). Suppose 19 = d*v - 11. What are the prime factors of v?
2, 5
Let j(d) = -d**3 + 6*d**2 - d + 8. Let g be j(6). Let u be 0/(-1)*(-2)/g. Let b = 8 + u. List the prime factors of b.
2
Suppose -4*q = 4*o - 20, 2*q - 4*o + 0 = -2. Suppose 5*l + 2*b = 6*b + 30, 0 = -q*l - 3*b + 45. List the prime factors of l.
2, 5
Suppose -4*b = 3*g - 1, -2*b + 13 = g - 7*b. Suppose 0*a + 3*a = g*p - 18, 0 = -3*p + a + 8. Suppose -p + 12 = c. What are the prime factors of c?
11
Let t = -6 - -6. List the prime factors of 2 - t*3/(-6).
2
Let t(x) = x**2 - 7*x + 2. Let w be t(7). Suppos